or of m and 126?
18
Suppose 0 = n + 6*n - 693. Suppose 0 = -2*t + t + 9. Calculate the highest common divisor of t and n.
9
Let i be 3/2*(-8)/(-6). Let j be (1/2)/(i/64). Suppose 0*t = 3*t - 72. Calculate the highest common divisor of t and j.
8
Let o = -45 + 63. Let i = -5 - -8. Suppose -4*c = -i*c - 27. What is the greatest common divisor of o and c?
9
Suppose n - 11 = 3*n + 3*u, 5*n + 4*u = -10. Suppose -3*y - n*y + 15 = 0. What is the highest common divisor of 12 and y?
3
Suppose 0*w - 3*w + 15 = 3*b, 0 = w - 2*b - 14. Let k = 0 - 30. Let j = k - -70. Calculate the greatest common divisor of j and w.
8
Let h be (2 - -2)*2*(-4)/(-16). Suppose 3*f = 3*b - 24, 5*f = -12 - 3. Calculate the highest common divisor of b and h.
1
Let b(c) = c**2 - 15*c + 16. Let u be b(15). What is the highest common divisor of 112 and u?
16
Let g = 11 - 2. Let q be 6/(-15) + (-36)/10. Let f be (2/(-1))/(2 + q). What is the greatest common divisor of g and f?
1
Let c = -3 + 10. Calculate the highest common factor of 35 and c.
7
Let y = 24 - 15. What is the highest common divisor of y and 3?
3
Let y = -6 - -10. Let q be 10/5 + y/(-2). Suppose -4*o = 4, q = t + 4*o - 7*o - 14. Calculate the highest common divisor of 11 and t.
11
Suppose -3*j + 20 = -13. Let o = -63 + 129. Calculate the greatest common factor of o and j.
11
Let g(j) = -j**3 + 7*j**2 - 7*j + 10. Let n be g(4). What is the highest common divisor of n and 30?
30
Suppose 0*n - 3*n = -4*q + 80, 0 = 4*q + 5*n - 80. Let t(z) = 7*z**3 + 1. Let k be t(1). What is the highest common factor of q and k?
4
Suppose 2*g - 16 = 5*i, g + 3*i = -g - 16. Let f(b) = 3*b**2 + 2*b - 1. Let x be f(g). Calculate the greatest common factor of 21 and x.
7
Suppose i - 4 = 1. Suppose 0 = -3*z + 4*p + p + 47, i*z + 2*p - 37 = 0. Calculate the highest common factor of z and 72.
9
Let j be 4/(-10) + 42/5. Suppose 14*k - 6*k = -56. Let a = k + j. Calculate the highest common divisor of 3 and a.
1
Let x be (-2)/(-9) + (-25)/(-9). Suppose 4*o - 1 - 3 = -x*l, 0 = -3*o + 5*l - 26. Let v be o/5 + 302/5. What is the greatest common divisor of 6 and v?
6
Suppose -4*y + 28 = 4*k, 5 = 5*y - 3*k - 6. Suppose 2*b + 9 - 37 = 4*o, -3*o - 26 = -y*b. Let i = 15 + o. What is the greatest common divisor of 45 and i?
9
Let o be (-2)/(-6) - (-445)/15. Suppose -j = 4*q - 45 + 2, -2*q = -4*j - 44. Suppose k + k = q. Calculate the greatest common factor of k and o.
6
Suppose -9*b + 12*b = 12. Calculate the highest common factor of 2 and b.
2
Let r(g) = 6*g**2 - 2*g + 2. Let o be r(-3). Let a = 118 - o. Suppose f - 3*m = 16, -4*m + 0*m - 40 = -4*f. What is the highest common factor of f and a?
7
Let w(c) be the third derivative of c**4/4 - c**3 + c**2. Let q be w(8). Calculate the greatest common factor of 14 and q.
14
Let z(j) = j**2 + j + 2. Let q be z(0). Let l = 5 - q. Calculate the highest common factor of 30 and l.
3
Let u be -33*(8/12 - 1). Suppose 126 = 4*t - 0*t + 2*x, 0 = -5*t - 5*x + 150. What is the highest common divisor of t and u?
11
Let n = -13 + 9. Let j = n + 4. Let x be -5*(-4 - -2 - j). What is the highest common factor of x and 80?
10
Suppose 17*p - 21*p + 16 = 0. Let k(g) = 29*g**3 - g**2. Let c be k(1). Calculate the highest common divisor of p and c.
4
Let s = 8 + -4. Let y = -19 + 24. Suppose -s*n = 8, y*p + n - 9 - 9 = 0. What is the highest common divisor of 12 and p?
4
Suppose -3*g - 5*n = -48, -3*g - 36 = -4*n - 111. Let x be (-14)/(-4)*16/4. What is the greatest common factor of x and g?
7
Let y = 12 - 8. Suppose -3*x - 40 = -y*x. What is the greatest common divisor of x and 60?
20
Let h be (-35)/(-20) - 1/(-4). Let r(p) = h + 8*p - 3 + 28*p - 2. Let a be r(2). Calculate the greatest common divisor of 46 and a.
23
Let v(h) = -10*h - 9. Let y be v(-6). Suppose 22 - 7 = 3*u. Suppose 4*d - 7 = 3*f - 41, d + y = u*f. Calculate the greatest common divisor of f and 25.
5
Suppose -z + 6 = z. Suppose -3*g = -z*v - 12, -g + 19 = v + 5. Calculate the highest common factor of g and 6.
3
Let z be 3 - (21/(-3) - 0). Let w be 1902/z - 6/30. What is the greatest common divisor of w and 19?
19
Let o(c) = -c + 2. Let g be (-12)/10*(-40)/(-6). Let s be o(g). Suppose 2*l + 22 - 122 = 0. Calculate the greatest common divisor of s and l.
10
Let g = 41 + -14. Calculate the greatest common factor of g and 189.
27
Suppose 3*k = -j + 36, -4*j + 8*k = 3*k - 178. Let a be ((-126)/12)/((-3)/8). What is the greatest common factor of a and j?
14
Let t(l) = -l**3 - 2*l**2 + 6*l + 3. Let g be t(-4). Suppose -3*k + 288 = 4*v + 2*k, -2*k - 393 = -5*v. What is the highest common divisor of g and v?
11
Let n(x) = -4*x - 33. Let m be n(-10). Suppose 4*k = 2*o + 16, 4*o + 2*k = 9 - 1. Suppose 0 = -3*v - o*v + 63. Calculate the highest common factor of v and m.
7
Suppose k - 129 = z, 4*z + 7 + 131 = k. Let v = -14 - -32. Calculate the highest common factor of k and v.
18
Suppose s + 5 = 4*k, -2*k - 13 = -3*s + 3*k. Calculate the highest common divisor of 11 and s.
11
Let j(f) = f**2 + 3*f - 6. Let a be j(4). Suppose -2*i - i = -4*o + 205, 2*o - 135 = -5*i. Let s = o + a. What is the highest common factor of 11 and s?
11
Suppose -r - 3*r + 3*h + 189 = 0, -4*r = -5*h - 179. Calculate the highest common factor of 34 and r.
17
Let i be (-328)/(-12) - 2/(-3). What is the greatest common divisor of i and 70?
14
Let b be -3 + 3 + (9 - -2). Calculate the greatest common factor of b and 99.
11
Suppose -55 = -9*v + 35. Calculate the greatest common factor of v and 15.
5
Let u(k) = -k**2 + 15*k - 19. Let a be u(13). What is the highest common factor of 56 and a?
7
Suppose -5*v + 64 = 2*r, 2*r + 3*r - 2*v - 160 = 0. What is the greatest common factor of 80 and r?
16
Let s(h) = h**3 + h**2 + 2*h - 3. Let c be s(2). Calculate the highest common divisor of c and 13.
13
Let t = -48 + 112. What is the greatest common factor of t and 48?
16
Let n be 3/(-12) - 58/(-8). Let u = n + 0. Calculate the greatest common divisor of u and 1.
1
Let p(f) = f**3 + 1. Let s be p(2). Suppose n + x - 101 = 0, -5*n + 4*x + 351 + 181 = 0. Let g = n + -59. What is the greatest common divisor of s and g?
9
Let k(b) = 2*b + 1. Let h be k(6). What is the highest common factor of 52 and h?
13
Let a be (-5)/((-260)/8) - (-2384)/52. Calculate the greatest common factor of 23 and a.
23
Suppose -10*c + 30 = -4*c. Calculate the greatest common factor of 10 and c.
5
Suppose -b - i + 10 = 3*b, i = -5*b + 13. Calculate the greatest common divisor of b and 3.
3
Let w = -12 + 31. Suppose 4*a - 8 = -0*a. Suppose -135 = -a*v + 17. What is the highest common factor of w and v?
19
Let a(l) be the first derivative of l**2/2 + 15*l - 3. Let z be a(-7). Calculate the highest common factor of z and 8.
8
Suppose 0 = 4*r, -2*k - 4*r = k - 288. What is the highest common divisor of 64 and k?
32
Let y(z) = z**3 + 2*z**2 - 1. Let v be y(2). Let x be 28/3 - 8/(-12). Calculate the highest common divisor of v and x.
5
Let m = 132 - -22. Let y(z) = z + 5. Let w be y(9). Calculate the highest common factor of m and w.
14
Let w(g) be the third derivative of g**4/24 + 2*g**3/3 + g**2. Let y be w(3). What is the greatest common divisor of 28 and y?
7
Let p = 9 - 4. Suppose 0 = -u - 4*u + p*v + 220, 4*v - 20 = 0. Suppose 2*s - 7 = 3*n - u, 2*n - 2*s = 28. What is the greatest common factor of n and 70?
14
Let h be (10 + -1)/3 - 1. Suppose -s - h*s + 6 = 0. Let p = 4 - s. Calculate the greatest common factor of p and 2.
2
Suppose h - 2 = n, -2*h = -3*n + 4 - 6. What is the highest common divisor of n and 1?
1
Let d = 316 + -710. Let r = d - -614. What is the highest common factor of r and 20?
20
Let y = -20 + 36. What is the greatest common factor of y and 2?
2
Let j(a) = 3*a**3 + a**2. Let m be j(1). Suppose 0 = -3*w + 6*w - 3*h + 3, -21 = w + m*h. Let k = 7 - w. What is the highest common factor of 108 and k?
12
Let p be (2 + -28)*(-36)/8. Suppose 0 = 4*q + 3*s - p, -s + 0*s = 3*q - 89. What is the greatest common divisor of q and 45?
15
Let d = -31 - -150. Let u = -51 + 68. Calculate the greatest common divisor of d and u.
17
Suppose -3*y + 0*b = 4*b - 27, -5*y = 3*b - 34. Calculate the highest common factor of 20 and y.
5
Let t(b) be the third derivative of b**4/24 + b**3 - 3*b**2. Suppose -o = 6 - 1. Let v be t(o). What is th